mon factor of l and 10?
10
Suppose -3*u + 4*v - 27 = 0, -3*u + v - 23 = u. Let c(n) = -7*n - 14. Let z be c(u). What is the greatest common factor of 63 and z?
21
Suppose -5*j = -4 - 46. Let t = 802 - 792. Calculate the highest common factor of j and t.
10
Suppose -160 = -4*r + 2*r. Suppose 7 + 43 = -5*g. Let f = 20 + g. Calculate the highest common factor of r and f.
10
Let g be 14/35 + 3/5. Let d be (3 + (g - 2))/(-2) + 210. Suppose 3*b - 62 = 5*m, -3*b + 4*m + 60 = m. Calculate the highest common divisor of d and b.
19
Suppose -13*m + 750 = -8*m. Suppose -3*o + 6 = 0, 5*o - 91 = -3*j + m. Let l = 13 + -6. What is the highest common divisor of l and j?
7
Let m = -35 - -37. Suppose 3*u + 15 = 0, 0 = -d + m*d - 5*u - 34. What is the greatest common factor of 72 and d?
9
Suppose 2*v + g = 1860, -2*g - 1844 = -2*v + g. Suppose -q + 2*q = v. Let h be q/12 - 2/6. What is the highest common factor of h and 11?
11
Suppose j + 7*v - 10*v - 91 = 0, -455 = -5*j + 4*v. Calculate the greatest common divisor of 130 and j.
13
Let s(j) = -j**3 + 1. Let g(v) = 5*v**3 + 2*v**2 - 3*v + 3. Let y(b) = g(b) + 4*s(b). Let l be y(3). What is the greatest common divisor of 86 and l?
43
Let c(u) = -u**3 - 8*u**2 + 10*u + 13. Let o(j) = -j - 9. Let g be o(0). Let d be c(g). Suppose 7*l - 36 = d*l. What is the greatest common factor of 12 and l?
12
Suppose 2*f = -4*q + 892, 12*q - 440 = -f + 7*q. What is the highest common divisor of 100 and f?
50
Let h = 16 + -7. Let p(t) = t**3 - 7*t**2 - 10. Let g be p(h). Calculate the greatest common factor of 19 and g.
19
Let q = 12 - 21. Let v(x) = -23*x - 7. Let u be v(q). What is the highest common divisor of 40 and u?
40
Let l(n) = -183*n - 68. Let i be l(-1). Let j = 51 - 5. Calculate the highest common divisor of j and i.
23
Suppose 4*b - 3*b + 2 = 0. Let k be -1*(-3 - 10/b). Let x be (-3 - (13 - -3))*k. Calculate the highest common factor of 19 and x.
19
Suppose 25*l - 29*l = 5*q - 248, 0 = -3*l - 9. Calculate the greatest common divisor of 1404 and q.
52
Suppose 5*z + 2*y - 216 = 0, 0 = 4*y - 9*y + 15. Suppose 26*l = 20*l + z. What is the greatest common divisor of l and 56?
7
Suppose j - 3*q - 35 = 0, -j - 7 = 5*q - 2. Let w be 24/10 - (-12)/j. What is the greatest common divisor of 2 and w?
1
Suppose 74 = 3*w - 262. Let y be 130/13 + 14/(-3)*(-48)/56. What is the highest common factor of w and y?
14
Suppose 104 = 15*t + 14. What is the highest common divisor of t and 294?
6
Let i(q) = -q - 1. Let x(z) = -2*z + 8. Let r(l) = -6*i(l) + x(l). Let k be r(6). What is the greatest common factor of 95 and k?
19
Let q = -220 + 130. Let t be (q/21)/((-9)/42). Calculate the greatest common divisor of t and 5.
5
Let m = 30 - -54. Let p = 94 - m. Calculate the highest common factor of 80 and p.
10
Suppose -3*y - 2*w + 69 = 0, 0*y - 2*y + 35 = 5*w. Let s = 40 - y. Calculate the highest common divisor of s and 120.
15
Suppose -s + r = -118, -r + 124 = 2*s - 118. Suppose 0 = -2*d + 10, g - 4*d + d - 9 = 0. Calculate the greatest common divisor of s and g.
24
Let x = 42 - 22. Suppose -2*a = 3*f - x, f + 2*a - a = 7. Let o = f - 4. Calculate the greatest common factor of o and 4.
2
Suppose -5*h + 310 = k, -h + 5*k + 62 = 26. Suppose 0 = -4*b + 2*o + 332, b + 3*o = -2*o + h. Let d = 6 + 3. What is the highest common divisor of b and d?
9
Let w = 701 + -501. Suppose w = -2*m + 4*m. Let q be 21890/550 + 1/5. What is the greatest common factor of q and m?
20
Suppose 0*d + 8 = 4*d + 4*v, 5*d - 20 = 5*v. Let g be (-15)/d*48/10. Let f = 44 + g. Calculate the highest common factor of 60 and f.
20
Let d be 7/(7/(-4)) + 9. Let x = 1 + d. Calculate the highest common factor of x and 66.
6
Let a be (42/(-12))/(1/(-2)). Let l = 12 - a. Suppose -279 = -5*n - 4*w, 5*w - 4*w = -l*n + 276. Calculate the highest common factor of n and 11.
11
Let b = 987 + -582. What is the highest common factor of 15 and b?
15
Let n = 791 - 368. Calculate the highest common divisor of n and 9.
9
Let i(r) = 2*r**2 + 5*r + 7. Let h be i(-7). Let q be 8/3*(10 - 2/(-4)). Calculate the highest common divisor of q and h.
14
Let s(p) = -26*p + 1. Let i = 15 + -9. Let u = 5 - i. Let f be s(u). What is the greatest common factor of f and 3?
3
Suppose -113 + 729 = 7*w. What is the greatest common divisor of 40 and w?
8
Let a be (7/(-3) - -1)*3. Let h be (a/5)/((-1)/10). Suppose -22*z + 12 = -19*z. What is the highest common divisor of z and h?
4
Suppose 3*z - 10 = -2*z. Let u be (z/(-3))/(2/(-33)). Calculate the greatest common factor of u and 77.
11
Let f be (1128/10)/((-75)/(-250)). What is the highest common divisor of 8 and f?
8
Suppose -9 = -3*n - 3*a, -4*n = -n + 5*a - 11. Let s be (-15)/4*56/(-21). Let x = 16 - s. Calculate the greatest common factor of n and x.
2
Suppose -2*g - g + 154 = -4*f, -3*g - 3*f = -147. Suppose 4*w - g = -3*d, d + 2 = -3*w + 37. Let k = w - 5. What is the greatest common factor of 42 and k?
6
Let s = 1367 - 890. Calculate the greatest common divisor of 159 and s.
159
Suppose 0 = 1653*y - 1651*y + 3*q - 30, -y + 30 = -q. Suppose -h + 5*z + 6 + 11 = 0, -4*z = -5*h + 64. What is the highest common divisor of h and y?
12
Let m = -106 + 70. Let z = 41 + m. Calculate the highest common divisor of z and 55.
5
Let l be -4*(-1)/(2/(-6)). Let v = 30 + l. Let w be (-96)/v*(-30)/8. Calculate the highest common divisor of w and 180.
20
Let n(w) = -20*w + 220. Let p be n(10). What is the highest common factor of 6040 and p?
20
Let k = 7 - 1. Suppose k*r - 252 = -0*r. Calculate the greatest common factor of r and 12.
6
Suppose -2*i - 4*l + 20 = 0, -i - 5*l = -2*i + 3. Let h be (20/i)/(1/4). What is the greatest common divisor of h and 2?
2
Let f(h) = -h**3 - 12*h**2 - 8*h - 25. Let v be f(-13). What is the highest common divisor of v and 12?
4
Let z = -981 + 1012. Calculate the highest common factor of 31 and z.
31
Suppose -8*k + 4*k = -56. Let q = 28 - k. Suppose -4*b + 24 = 4*r, -b - r = -2*b + q. Calculate the greatest common divisor of b and 4.
2
Let b be (-2)/10 + (-6392)/(-235). Calculate the highest common divisor of 18 and b.
9
Suppose -20 = 5*k, -k - 4*k - 22 = -r. Let u(v) = 7*v**2 - 4*v + 5. Let x be u(r). Calculate the greatest common factor of 10 and x.
5
Suppose 0 = -5*h + 19*h - 672. Let y(c) = 270*c - 12. Let o be y(2). What is the highest common factor of h and o?
48
Let u(p) = 2*p**2 + 2. Let b be u(-5). Let k = -43 + b. What is the highest common factor of 81 and k?
9
Let k(f) = 2*f - 1. Let h = -23 - -25. Let b be k(h). Suppose 6*i + b*y = i + 29, 3*i - 27 = 3*y. Calculate the greatest common factor of 21 and i.
7
Let m(q) = -3*q - 9. Let j be 6/(-12) + (-26)/4. Let x be m(j). Calculate the highest common factor of x and 12.
12
Let f be -12*(3 + 13/(-4)). Let u be 4/((3/9)/(5/f)). Calculate the greatest common divisor of 30 and u.
10
Let q(k) = k**3 - 20*k**2 - 69*k + 49. Let a be q(23). Let d = -7 + 14. Calculate the greatest common divisor of d and a.
7
Let r(k) = -2*k + 25. Let c be r(7). Suppose -13 = -3*o + 5*l - 3*l, 4*l + c = 3*o. What is the greatest common divisor of o and 45?
5
Suppose -10*d + 7*d = z - 555, -4*z = -4*d + 740. Suppose 64 = 2*p - 5*i, 3*p + 4*i = 2*i + 115. What is the highest common divisor of p and d?
37
Suppose 7*u - 349 = -97. What is the greatest common factor of 204 and u?
12
Let r(v) = -v**3 + 15*v**2 - 6*v + 32. Let i be r(14). Calculate the greatest common divisor of 2 and i.
2
Let u(d) = -2*d + 3 + 3*d + 1. Suppose -28 = -4*q - 4. Let t be u(q). What is the greatest common divisor of t and 5?
5
Suppose -3*s = 5*w - 2153 - 606, -3707 = -4*s - w. What is the greatest common divisor of s and 29?
29
Suppose k - 2*k = 3*j + 3, 5*k - 4*j = 42. Suppose 5*z + 88 = k*z. Calculate the highest common factor of z and 22.
22
Let p(g) = 4*g + 18. Let q be p(0). Let b be (0 - 4)*(14 - 23). What is the highest common divisor of b and q?
18
Suppose -m = -0*f + 3*f, -36 = -2*m + 3*f. Let v = 39 - 27. What is the greatest common factor of v and m?
12
Suppose 51533 = 105*a - 131167. What is the greatest common factor of a and 180?
60
Let o be 151/3 - (-5)/(-15). Suppose -38 = -4*x + o. Suppose 0*m - x = -2*m. What is the greatest common factor of m and 121?
11
Let f = 264 - 260. Calculate the highest common divisor of f a